{"id":1658,"date":"2023-12-04T11:31:27","date_gmt":"2023-12-04T11:31:27","guid":{"rendered":"https:\/\/kaunogatviuapsvietimas.lt\/?page_id=1658"},"modified":"2026-04-08T05:40:11","modified_gmt":"2026-04-08T05:40:11","slug":"imones-apdovanojimai","status":"publish","type":"page","link":"https:\/\/kaunogatviuapsvietimas.lt\/?page_id=1658","title":{"rendered":"\u012emon\u0117s \u012fvertinimai"},"content":{"rendered":"\t\t<div data-elementor-type=\"wp-page\" data-elementor-id=\"1658\" class=\"elementor elementor-1658\" data-elementor-post-type=\"page\">\r\n\t\t\t\t\t\t\t<div class=\"elementor-element elementor-element-26c2c266 e-flex e-con-boxed e-con e-parent\" data-id=\"26c2c266\" data-element_type=\"container\" data-settings=\"{&quot;background_background&quot;:&quot;classic&quot;,&quot;content_width&quot;:&quot;boxed&quot;}\" data-core-v316-plus=\"true\">\r\n\t\t\t\t\t<div class=\"e-con-inner\">\r\n\t\t<div class=\"elementor-element elementor-element-130a51aa e-con-full e-flex e-con e-child\" data-id=\"130a51aa\" data-element_type=\"container\" data-settings=\"{&quot;content_width&quot;:&quot;full&quot;}\">\r\n\t\t\t\t<div class=\"elementor-element elementor-element-bcc4e48 elementor-widget elementor-widget-heading\" data-id=\"bcc4e48\" data-element_type=\"widget\" data-widget_type=\"heading.default\">\r\n\t\t\t\t<div class=\"elementor-widget-container\">\r\n\t\t\t<style>\/*! elementor - v3.17.0 - 08-11-2023 *\/\n.elementor-heading-title{padding:0;margin:0;line-height:1}.elementor-widget-heading .elementor-heading-title[class*=elementor-size-]>a{color:inherit;font-size:inherit;line-height:inherit}.elementor-widget-heading .elementor-heading-title.elementor-size-small{font-size:15px}.elementor-widget-heading .elementor-heading-title.elementor-size-medium{font-size:19px}.elementor-widget-heading .elementor-heading-title.elementor-size-large{font-size:29px}.elementor-widget-heading .elementor-heading-title.elementor-size-xl{font-size:39px}.elementor-widget-heading .elementor-heading-title.elementor-size-xxl{font-size:59px}<\/style><h1 class=\"elementor-heading-title elementor-size-default\">\u012emon\u0117s \u012fvertinimai<\/h1>\t\t<\/div>\r\n\t\t\t\t<\/div>\r\n\t\t\t\t<\/div>\r\n\t\t\t\t\t<\/div>\r\n\t\t\t\t<\/div>\r\n\t\t<div class=\"elementor-element elementor-element-f9eb230 e-flex e-con-boxed e-con e-parent\" data-id=\"f9eb230\" data-element_type=\"container\" data-settings=\"{&quot;background_background&quot;:&quot;classic&quot;,&quot;content_width&quot;:&quot;boxed&quot;}\" data-core-v316-plus=\"true\">\r\n\t\t\t\t\t<div class=\"e-con-inner\">\r\n\t\t\t\t<div class=\"elementor-element elementor-element-7b9cd1f elementor-widget__width-inherit elementor-widget elementor-widget-image\" data-id=\"7b9cd1f\" data-element_type=\"widget\" data-widget_type=\"image.default\">\r\n\t\t\t\t<div class=\"elementor-widget-container\">\r\n\t\t\t<style>\/*! elementor - v3.17.0 - 08-11-2023 *\/\n.elementor-widget-image{text-align:center}.elementor-widget-image a{display:inline-block}.elementor-widget-image a img[src$=\".svg\"]{width:48px}.elementor-widget-image img{vertical-align:middle;display:inline-block}<\/style>\t\t\t\t\t\t\t\t\t\t\t\t<img fetchpriority=\"high\" decoding=\"async\" width=\"1024\" height=\"178\" src=\"https:\/\/kaunogatviuapsvietimas.lt\/wp-content\/uploads\/2026\/03\/EBM_2018-2026-5m-Signature-LT-1024x178.png\" class=\"attachment-large size-large wp-image-2705\" alt=\"\" srcset=\"https:\/\/kaunogatviuapsvietimas.lt\/wp-content\/uploads\/2026\/03\/EBM_2018-2026-5m-Signature-LT-1024x178.png 1024w, https:\/\/kaunogatviuapsvietimas.lt\/wp-content\/uploads\/2026\/03\/EBM_2018-2026-5m-Signature-LT-300x52.png 300w, https:\/\/kaunogatviuapsvietimas.lt\/wp-content\/uploads\/2026\/03\/EBM_2018-2026-5m-Signature-LT-768x133.png 768w, https:\/\/kaunogatviuapsvietimas.lt\/wp-content\/uploads\/2026\/03\/EBM_2018-2026-5m-Signature-LT.png 1440w\" sizes=\"(max-width: 1024px) 100vw, 1024px\" \/>\t\t\t\t\t\t\t\t\t\t\t\t\t\t\t<\/div>\r\n\t\t\t\t<\/div>\r\n\t\t\t\t\t<\/div>\r\n\t\t\t\t<\/div>\r\n\t\t<div class=\"elementor-element elementor-element-611bfec e-flex e-con-boxed e-con e-parent\" data-id=\"611bfec\" data-element_type=\"container\" data-settings=\"{&quot;background_background&quot;:&quot;classic&quot;,&quot;content_width&quot;:&quot;boxed&quot;}\" data-core-v316-plus=\"true\">\r\n\t\t\t\t\t<div class=\"e-con-inner\">\r\n\t\t\t\t<div class=\"elementor-element elementor-element-a5e0e8e elementor-position-left elementor-vertical-align-middle elementor-widget elementor-widget-image-box\" data-id=\"a5e0e8e\" data-element_type=\"widget\" data-widget_type=\"image-box.default\">\r\n\t\t\t\t<div class=\"elementor-widget-container\">\r\n\t\t\t<style>\/*! elementor - v3.17.0 - 08-11-2023 *\/\n.elementor-widget-image-box .elementor-image-box-content{width:100%}@media (min-width:768px){.elementor-widget-image-box.elementor-position-left .elementor-image-box-wrapper,.elementor-widget-image-box.elementor-position-right .elementor-image-box-wrapper{display:flex}.elementor-widget-image-box.elementor-position-right .elementor-image-box-wrapper{text-align:right;flex-direction:row-reverse}.elementor-widget-image-box.elementor-position-left .elementor-image-box-wrapper{text-align:left;flex-direction:row}.elementor-widget-image-box.elementor-position-top .elementor-image-box-img{margin:auto}.elementor-widget-image-box.elementor-vertical-align-top .elementor-image-box-wrapper{align-items:flex-start}.elementor-widget-image-box.elementor-vertical-align-middle .elementor-image-box-wrapper{align-items:center}.elementor-widget-image-box.elementor-vertical-align-bottom .elementor-image-box-wrapper{align-items:flex-end}}@media (max-width:767px){.elementor-widget-image-box .elementor-image-box-img{margin-left:auto!important;margin-right:auto!important;margin-bottom:15px}}.elementor-widget-image-box .elementor-image-box-img{display:inline-block}.elementor-widget-image-box .elementor-image-box-title a{color:inherit}.elementor-widget-image-box .elementor-image-box-wrapper{text-align:center}.elementor-widget-image-box .elementor-image-box-description{margin:0}<\/style><div class=\"elementor-image-box-wrapper\"><figure class=\"elementor-image-box-img\"><img decoding=\"async\" width=\"1015\" height=\"1021\" src=\"https:\/\/kaunogatviuapsvietimas.lt\/wp-content\/uploads\/2026\/04\/Spaudas-CSS-Diamond-LT-2026.png\" class=\"attachment-full size-full wp-image-2738\" alt=\"\" srcset=\"https:\/\/kaunogatviuapsvietimas.lt\/wp-content\/uploads\/2026\/04\/Spaudas-CSS-Diamond-LT-2026.png 1015w, https:\/\/kaunogatviuapsvietimas.lt\/wp-content\/uploads\/2026\/04\/Spaudas-CSS-Diamond-LT-2026-298x300.png 298w, https:\/\/kaunogatviuapsvietimas.lt\/wp-content\/uploads\/2026\/04\/Spaudas-CSS-Diamond-LT-2026-150x150.png 150w, https:\/\/kaunogatviuapsvietimas.lt\/wp-content\/uploads\/2026\/04\/Spaudas-CSS-Diamond-LT-2026-768x773.png 768w\" sizes=\"(max-width: 1015px) 100vw, 1015px\" \/><\/figure><div class=\"elementor-image-box-content\"><h3 class=\"elementor-image-box-title\">CrefoCert STABILUS Diamond<\/h3><p class=\"elementor-image-box-description\">Oficialus UAB Creditreform Lietuva patvirtinimas, kad j\u012f gavusios bendrov\u0117s mokumo strukt\u016bra yra gera ir daugiau kaip 10 met\u0173 atitinka CrefoCert STABILUS reikalavimus:<br><ul> <li>CR Rizikos klas\u0117: 1-4<\/li><li>Kit\u0173 esmini\u0173 gr\u0117smi\u0173 \u012fmonei nenustatyta<\/li><\/ul>\n<br>UAB Creditreform Lietuva<br>\n2026-03-23<\/p><\/div><\/div>\t\t<\/div>\r\n\t\t\t\t<\/div>\r\n\t\t\t\t\t<\/div>\r\n\t\t\t\t<\/div>\r\n\t\t<div class=\"elementor-element elementor-element-16c14be e-flex e-con-boxed e-con e-parent\" data-id=\"16c14be\" data-element_type=\"container\" data-settings=\"{&quot;background_background&quot;:&quot;classic&quot;,&quot;content_width&quot;:&quot;boxed&quot;}\" data-core-v316-plus=\"true\">\r\n\t\t\t\t\t<div class=\"e-con-inner\">\r\n\t\t\t\t<div class=\"elementor-element elementor-element-14692d5 elementor-position-left elementor-vertical-align-middle elementor-widget elementor-widget-image-box\" data-id=\"14692d5\" data-element_type=\"widget\" data-widget_type=\"image-box.default\">\r\n\t\t\t\t<div class=\"elementor-widget-container\">\r\n\t\t\t<div class=\"elementor-image-box-wrapper\"><figure class=\"elementor-image-box-img\"><img decoding=\"async\" width=\"430\" height=\"800\" src=\"https:\/\/kaunogatviuapsvietimas.lt\/wp-content\/uploads\/2026\/04\/KGA-patikimas-darbdavys-2026.png\" class=\"attachment-full size-full wp-image-2726\" alt=\"\" srcset=\"https:\/\/kaunogatviuapsvietimas.lt\/wp-content\/uploads\/2026\/04\/KGA-patikimas-darbdavys-2026.png 430w, https:\/\/kaunogatviuapsvietimas.lt\/wp-content\/uploads\/2026\/04\/KGA-patikimas-darbdavys-2026-161x300.png 161w\" sizes=\"(max-width: 430px) 100vw, 430px\" \/><\/figure><div class=\"elementor-image-box-content\"><h3 class=\"elementor-image-box-title\">Patikimas darbdavys 2026<\/h3><p class=\"elementor-image-box-description\">Creditinfo vertinimu, \u0161is sertifikatas pa\u017eymi, kad \u012fmon\u0117 u\u017etikrina darbuotoj\u0173 gerov\u0119, atitinka auk\u0161tus skaidrumo ir darbdavio etikos standartus.<br><br>Satrajit Saha - Creditinfo Group Generalinis direktorius <br>2026-02-18<\/p><\/div><\/div>\t\t<\/div>\r\n\t\t\t\t<\/div>\r\n\t\t\t\t\t<\/div>\r\n\t\t\t\t<\/div>\r\n\t\t<div class=\"elementor-element elementor-element-a46700c e-flex e-con-boxed e-con e-parent\" data-id=\"a46700c\" data-element_type=\"container\" data-settings=\"{&quot;background_background&quot;:&quot;classic&quot;,&quot;content_width&quot;:&quot;boxed&quot;}\" data-core-v316-plus=\"true\">\r\n\t\t\t\t\t<div class=\"e-con-inner\">\r\n\t\t\t\t<div class=\"elementor-element elementor-element-0e13b17 elementor-position-left elementor-vertical-align-middle elementor-widget elementor-widget-image-box\" data-id=\"0e13b17\" data-element_type=\"widget\" data-widget_type=\"image-box.default\">\r\n\t\t\t\t<div class=\"elementor-widget-container\">\r\n\t\t\t<div class=\"elementor-image-box-wrapper\"><figure class=\"elementor-image-box-img\"><img loading=\"lazy\" decoding=\"async\" width=\"1676\" height=\"1676\" src=\"https:\/\/kaunogatviuapsvietimas.lt\/wp-content\/uploads\/2025\/09\/KGA-TOP-imone-2025.jpg\" class=\"attachment-full size-full wp-image-2539\" alt=\"\" srcset=\"https:\/\/kaunogatviuapsvietimas.lt\/wp-content\/uploads\/2025\/09\/KGA-TOP-imone-2025.jpg 1676w, https:\/\/kaunogatviuapsvietimas.lt\/wp-content\/uploads\/2025\/09\/KGA-TOP-imone-2025-300x300.jpg 300w, https:\/\/kaunogatviuapsvietimas.lt\/wp-content\/uploads\/2025\/09\/KGA-TOP-imone-2025-1024x1024.jpg 1024w, https:\/\/kaunogatviuapsvietimas.lt\/wp-content\/uploads\/2025\/09\/KGA-TOP-imone-2025-150x150.jpg 150w, https:\/\/kaunogatviuapsvietimas.lt\/wp-content\/uploads\/2025\/09\/KGA-TOP-imone-2025-768x768.jpg 768w, https:\/\/kaunogatviuapsvietimas.lt\/wp-content\/uploads\/2025\/09\/KGA-TOP-imone-2025-1536x1536.jpg 1536w\" sizes=\"(max-width: 1676px) 100vw, 1676px\" \/><\/figure><div class=\"elementor-image-box-content\"><h3 class=\"elementor-image-box-title\">TOP \u012fmon\u0117 2025<\/h3><p class=\"elementor-image-box-description\">Kauno gatvi\u0173 ap\u0161vietimas - viena i\u0161 6% Lietuvos bendrovi\u0173, kurios atitinka auk\u0161\u010diausius patikimumo, finansinio stabilumo ir atsakingos veiklos kriterijus. \u012emon\u0117 pl\u0117toja skaidr\u0173 ir konkurencing\u0105 versl\u0105, stiprina finansin\u0119 reputacij\u0105 bei rodo pagarb\u0105 savo verslo aplinkai ir partneriams.<br>\u0160\u012f \u012fvertinim\u0105 \u012fmon\u0117 pelno jau 5 metus i\u0161 eil\u0117s - tai ne tik pasiekimas, bet ir \u012frodymas apie ilgalaik\u012f patikimum\u0105 bei nuosekliai kuriam\u0105 vert\u0119. \u0160is \u012fvertinimas yra objektyvus \u012fmon\u0117s stabilumo, atsakomyb\u0117s ir augimo potencialo patvirtinimas.<br><br>Marijus Morkevi\u010dius - UAB \"Rekvizitai\" direktorius<\/p><\/div><\/div>\t\t<\/div>\r\n\t\t\t\t<\/div>\r\n\t\t\t\t\t<\/div>\r\n\t\t\t\t<\/div>\r\n\t\t<div class=\"elementor-element elementor-element-e198820 e-flex e-con-boxed e-con e-parent\" data-id=\"e198820\" data-element_type=\"container\" data-settings=\"{&quot;background_background&quot;:&quot;classic&quot;,&quot;content_width&quot;:&quot;boxed&quot;}\" data-core-v316-plus=\"true\">\r\n\t\t\t\t\t<div class=\"e-con-inner\">\r\n\t\t\t\t<div class=\"elementor-element elementor-element-ac6ec94 elementor-position-left elementor-vertical-align-middle elementor-widget elementor-widget-image-box\" data-id=\"ac6ec94\" data-element_type=\"widget\" data-widget_type=\"image-box.default\">\r\n\t\t\t\t<div class=\"elementor-widget-container\">\r\n\t\t\t<div class=\"elementor-image-box-wrapper\"><figure class=\"elementor-image-box-img\"><img loading=\"lazy\" decoding=\"async\" width=\"490\" height=\"490\" src=\"https:\/\/kaunogatviuapsvietimas.lt\/wp-content\/uploads\/2026\/02\/Stipriausi_Lietuvoje_2018-2025.png\" class=\"attachment-full size-full wp-image-2675\" alt=\"\" srcset=\"https:\/\/kaunogatviuapsvietimas.lt\/wp-content\/uploads\/2026\/02\/Stipriausi_Lietuvoje_2018-2025.png 490w, https:\/\/kaunogatviuapsvietimas.lt\/wp-content\/uploads\/2026\/02\/Stipriausi_Lietuvoje_2018-2025-300x300.png 300w, https:\/\/kaunogatviuapsvietimas.lt\/wp-content\/uploads\/2026\/02\/Stipriausi_Lietuvoje_2018-2025-150x150.png 150w\" sizes=\"(max-width: 490px) 100vw, 490px\" \/><\/figure><div class=\"elementor-image-box-content\"><h3 class=\"elementor-image-box-title\">Stipriausi Lietuvoje<\/h3><p class=\"elementor-image-box-description\"><div><span style=\"font-style: inherit; font-weight: inherit; background-color: var( --e-global-color-astglobalcolor5 ); color: var(--ast-global-color-3);\">\u0160iuo sertifikatu pa\u017eymima, kad, \u012fmon\u0117 turi auk\u0161t\u0105 kredito reiting\u0105 ir padeda kurti geresn\u0119 Lietuvos ekonomikos ateit\u012f<\/span><br><br><\/div><div>Satrajit Saha - Creditinfo Group Generalinis direktorius<br>2025-07-23 <\/div><\/p><\/div><\/div>\t\t<\/div>\r\n\t\t\t\t<\/div>\r\n\t\t\t\t\t<\/div>\r\n\t\t\t\t<\/div>\r\n\t\t\t\t\t\t\t<\/div>\r\n\t\t","protected":false},"excerpt":{"rendered":"<p>\u012emon\u0117s \u012fvertinimai CrefoCert STABILUS Diamond Oficialus UAB Creditreform Lietuva patvirtinimas, kad j\u012f gavusios bendrov\u0117s mokumo strukt\u016bra yra gera ir daugiau kaip 10 met\u0173 atitinka CrefoCert STABILUS reikalavimus: CR Rizikos klas\u0117: 1-4 Kit\u0173 esmini\u0173 gr\u0117smi\u0173 \u012fmonei nenustatyta UAB Creditreform Lietuva 2026-03-23 Patikimas darbdavys 2026 Creditinfo vertinimu, \u0161is sertifikatas pa\u017eymi, kad \u012fmon\u0117 u\u017etikrina darbuotoj\u0173 gerov\u0119, atitinka auk\u0161tus &hellip;<\/p>\n<p class=\"read-more\"> <a class=\"\" href=\"https:\/\/kaunogatviuapsvietimas.lt\/?page_id=1658\"> <span class=\"screen-reader-text\">\u012emon\u0117s \u012fvertinimai<\/span> Read More \u00bb<\/a><\/p>\n","protected":false},"author":1,"featured_media":0,"parent":0,"menu_order":0,"comment_status":"closed","ping_status":"closed","template":"","meta":{"site-sidebar-layout":"no-sidebar","site-content-layout":"page-builder","ast-site-content-layout":"full-width-container","site-content-style":"default","site-sidebar-style":"default","ast-global-header-display":"","ast-banner-title-visibility":"","ast-main-header-display":"","ast-hfb-above-header-display":"","ast-hfb-below-header-display":"","ast-hfb-mobile-header-display":"","site-post-title":"disabled","ast-breadcrumbs-content":"","ast-featured-img":"disabled","footer-sml-layout":"","theme-transparent-header-meta":"","adv-header-id-meta":"","stick-header-meta":"","header-above-stick-meta":"","header-main-stick-meta":"","header-below-stick-meta":"","astra-migrate-meta-layouts":"set","ast-page-background-enabled":"default","ast-page-background-meta":{"desktop":{"background-color":"","background-image":"","background-repeat":"repeat","background-position":"center center","background-size":"auto","background-attachment":"scroll","background-type":"","background-media":"","overlay-type":"","overlay-color":"","overlay-gradient":""},"tablet":{"background-color":"","background-image":"","background-repeat":"repeat","background-position":"center center","background-size":"auto","background-attachment":"scroll","background-type":"","background-media":"","overlay-type":"","overlay-color":"","overlay-gradient":""},"mobile":{"background-color":"","background-image":"","background-repeat":"repeat","background-position":"center center","background-size":"auto","background-attachment":"scroll","background-type":"","background-media":"","overlay-type":"","overlay-color":"","overlay-gradient":""}},"ast-content-background-meta":{"desktop":{"background-color":"var(--ast-global-color-5)","background-image":"","background-repeat":"repeat","background-position":"center center","background-size":"auto","background-attachment":"scroll","background-type":"","background-media":"","overlay-type":"","overlay-color":"","overlay-gradient":""},"tablet":{"background-color":"var(--ast-global-color-5)","background-image":"","background-repeat":"repeat","background-position":"center center","background-size":"auto","background-attachment":"scroll","background-type":"","background-media":"","overlay-type":"","overlay-color":"","overlay-gradient":""},"mobile":{"background-color":"var(--ast-global-color-5)","background-image":"","background-repeat":"repeat","background-position":"center center","background-size":"auto","background-attachment":"scroll","background-type":"","background-media":"","overlay-type":"","overlay-color":"","overlay-gradient":""}},"footnotes":""},"class_list":["post-1658","page","type-page","status-publish","hentry"],"_links":{"self":[{"href":"https:\/\/kaunogatviuapsvietimas.lt\/index.php?rest_route=\/wp\/v2\/pages\/1658","targetHints":{"allow":["GET"]}}],"collection":[{"href":"https:\/\/kaunogatviuapsvietimas.lt\/index.php?rest_route=\/wp\/v2\/pages"}],"about":[{"href":"https:\/\/kaunogatviuapsvietimas.lt\/index.php?rest_route=\/wp\/v2\/types\/page"}],"author":[{"embeddable":true,"href":"https:\/\/kaunogatviuapsvietimas.lt\/index.php?rest_route=\/wp\/v2\/users\/1"}],"replies":[{"embeddable":true,"href":"https:\/\/kaunogatviuapsvietimas.lt\/index.php?rest_route=%2Fwp%2Fv2%2Fcomments&post=1658"}],"version-history":[{"count":80,"href":"https:\/\/kaunogatviuapsvietimas.lt\/index.php?rest_route=\/wp\/v2\/pages\/1658\/revisions"}],"predecessor-version":[{"id":2750,"href":"https:\/\/kaunogatviuapsvietimas.lt\/index.php?rest_route=\/wp\/v2\/pages\/1658\/revisions\/2750"}],"wp:attachment":[{"href":"https:\/\/kaunogatviuapsvietimas.lt\/index.php?rest_route=%2Fwp%2Fv2%2Fmedia&parent=1658"}],"curies":[{"name":"wp","href":"https:\/\/api.w.org\/{rel}","templated":true}]}}