{"id":1489,"date":"2023-11-28T09:03:32","date_gmt":"2023-11-28T09:03:32","guid":{"rendered":"https:\/\/kaunogatviuapsvietimas.lt\/?page_id=1489"},"modified":"2026-01-13T11:59:06","modified_gmt":"2026-01-13T11:59:06","slug":"korupcijos-prevencija","status":"publish","type":"page","link":"https:\/\/kaunogatviuapsvietimas.lt\/?page_id=1489","title":{"rendered":"Korupcijos prevencija"},"content":{"rendered":"\t\t<div data-elementor-type=\"wp-page\" data-elementor-id=\"1489\" class=\"elementor elementor-1489\" data-elementor-post-type=\"page\">\r\n\t\t\t\t\t\t\t<div class=\"elementor-element elementor-element-107103f e-flex e-con-boxed e-con e-parent\" data-id=\"107103f\" data-element_type=\"container\" data-settings=\"{&quot;background_background&quot;:&quot;classic&quot;,&quot;content_width&quot;:&quot;boxed&quot;}\" data-core-v316-plus=\"true\">\r\n\t\t\t\t\t<div class=\"e-con-inner\">\r\n\t\t<div class=\"elementor-element elementor-element-78faee3a e-con-full e-flex e-con e-child\" data-id=\"78faee3a\" data-element_type=\"container\" data-settings=\"{&quot;content_width&quot;:&quot;full&quot;}\">\r\n\t\t\t\t<div class=\"elementor-element elementor-element-60982ae7 elementor-widget elementor-widget-heading\" data-id=\"60982ae7\" data-element_type=\"widget\" data-widget_type=\"heading.default\">\r\n\t\t\t\t<div class=\"elementor-widget-container\">\r\n\t\t\t<style>\/*! elementor - v3.17.0 - 08-11-2023 *\/\n.elementor-heading-title{padding:0;margin:0;line-height:1}.elementor-widget-heading .elementor-heading-title[class*=elementor-size-]>a{color:inherit;font-size:inherit;line-height:inherit}.elementor-widget-heading .elementor-heading-title.elementor-size-small{font-size:15px}.elementor-widget-heading .elementor-heading-title.elementor-size-medium{font-size:19px}.elementor-widget-heading .elementor-heading-title.elementor-size-large{font-size:29px}.elementor-widget-heading .elementor-heading-title.elementor-size-xl{font-size:39px}.elementor-widget-heading .elementor-heading-title.elementor-size-xxl{font-size:59px}<\/style><h1 class=\"elementor-heading-title elementor-size-default\">Korupcijos prevencija\n<\/h1>\t\t<\/div>\r\n\t\t\t\t<\/div>\r\n\t\t\t\t<\/div>\r\n\t\t\t\t\t<\/div>\r\n\t\t\t\t<\/div>\r\n\t\t<div class=\"elementor-element elementor-element-3fbb46c5 e-flex e-con-boxed e-con e-parent\" data-id=\"3fbb46c5\" data-element_type=\"container\" data-settings=\"{&quot;background_background&quot;:&quot;classic&quot;,&quot;content_width&quot;:&quot;boxed&quot;}\" data-core-v316-plus=\"true\">\r\n\t\t\t\t\t<div class=\"e-con-inner\">\r\n\t\t<div class=\"elementor-element elementor-element-50879b24 e-con-full e-flex e-con e-child\" data-id=\"50879b24\" data-element_type=\"container\" data-settings=\"{&quot;content_width&quot;:&quot;full&quot;}\">\r\n\t\t\t\t<div class=\"elementor-element elementor-element-2cebe901 elementor-vertical-align-top elementor-widget elementor-widget-icon-box\" data-id=\"2cebe901\" data-element_type=\"widget\" data-widget_type=\"icon-box.default\">\r\n\t\t\t\t<div class=\"elementor-widget-container\">\r\n\t\t\t<link rel=\"stylesheet\" href=\"https:\/\/kaunogatviuapsvietimas.lt\/wp-content\/plugins\/elementor\/assets\/css\/widget-icon-box.min.css\">\t\t<div class=\"elementor-icon-box-wrapper\">\r\n\t\t\t\t\t\t<div class=\"elementor-icon-box-content\">\r\n\t\t\t\t<h2 class=\"elementor-icon-box-title\">\r\n\t\t\t\t\t<span  >\r\n\t\t\t\t\t\tKorupcijos prevencija\t\t\t\t\t<\/span>\r\n\t\t\t\t<\/h2>\r\n\t\t\t\t\t\t\t<\/div>\r\n\t\t<\/div>\r\n\t\t\t\t<\/div>\r\n\t\t\t\t<\/div>\r\n\t\t\t\t<div class=\"elementor-element elementor-element-16f3cecd elementor-widget elementor-widget-text-editor\" data-id=\"16f3cecd\" data-element_type=\"widget\" data-widget_type=\"text-editor.default\">\r\n\t\t\t\t<div class=\"elementor-widget-container\">\r\n\t\t\t<style>\/*! elementor - v3.17.0 - 08-11-2023 *\/\n.elementor-widget-text-editor.elementor-drop-cap-view-stacked .elementor-drop-cap{background-color:#69727d;color:#fff}.elementor-widget-text-editor.elementor-drop-cap-view-framed .elementor-drop-cap{color:#69727d;border:3px solid;background-color:transparent}.elementor-widget-text-editor:not(.elementor-drop-cap-view-default) .elementor-drop-cap{margin-top:8px}.elementor-widget-text-editor:not(.elementor-drop-cap-view-default) .elementor-drop-cap-letter{width:1em;height:1em}.elementor-widget-text-editor .elementor-drop-cap{float:left;text-align:center;line-height:1;font-size:50px}.elementor-widget-text-editor .elementor-drop-cap-letter{display:inline-block}<\/style>\t\t\t\t<p>UAB\u00a0 \u201eKauno gatvi\u0173 ap\u0161vietimas\u201c, siekdama u\u017etikrinti savo veiklos skaidrum\u0105, vadovaujasi korupcijos prevencijos nuostatomis \u2013 siekiant u\u017ekirsti keli\u0105 korupcijos aprai\u0161koms \u012fmon\u0117s veikloje.<\/p><p>Vykdant korupcijos prevencij\u0105 kvie\u010diame b\u016bti pilieti\u0161kais ir pra\u0161ome informacij\u0105 apie galimus pa\u017eeidimus ir galimai neteis\u0117tus bendrov\u0117s darbuotoj\u0173 veiksmus prane\u0161ti elektroniniu pa\u0161tu\u00a0<strong><a href=\"mailto:pranesimai@kaunosviesa.lt\">pranesimai@kaunosviesa.lt<\/a><\/strong>\u00a0arba ra\u0161tu Ringuvos g. 59, 45243 Kaunas.<\/p><p>I\u0161 anksto d\u0117kojame\u00a0 prisid\u0117jus prie bendro tikslo u\u017ekirsti keli\u0105 korupcijos aprai\u0161koms.<\/p><p>Taip pat primename, kad Lietuvos Respublikos \u012fstatymai draud\u017eia \u0161mei\u017eti ar melagingai kaltinti asmen\u012f nusikalstamos veikos padarymu. U\u017e tokius veiksmus teis\u0117s akt\u0173 nustatyta tvarka gresia baud\u017eiamoji atsakomyb\u0117.<\/p><p><strong>Pareigyb\u0117, d\u0117l kurios bus teikiamas ra\u0161ytinis pra\u0161ymas Speciali\u0173j\u0173 Tyrim\u0173 Tarnybai pateikti informacij\u0105:<\/strong><\/p><ul><li>Technikos direktorius<\/li><\/ul><h6><span style=\"color: #0000ff;\"><a style=\"color: #0000ff;\" href=\"https:\/\/kaunogatviuapsvietimas.lt\/wp-content\/uploads\/2026\/01\/KGA-Antikorupcinio-elgesio-kodeksas.pdf\">UAB &#8220;Kauno gatvi\u0173 ap\u0161vietimas&#8221; antikorupcinio elgesio k<\/a>odeksas<\/span><\/h6><h6><span style=\"color: #0000ff;\"><a style=\"color: #0000ff;\" href=\"https:\/\/kaunogatviuapsvietimas.lt\/wp-content\/uploads\/2026\/01\/KGA-Korupcijos-prevencijos-programa.pdf\">UAB &#8220;Kauno gatvi\u0173 ap\u0161vietimas&#8221; korupcijos prevencijos programa<\/a><\/span><\/h6><h6><span style=\"color: #0000ff;\"><a style=\"color: #0000ff;\" href=\"https:\/\/kaunogatviuapsvietimas.lt\/wp-content\/uploads\/2026\/01\/KGA-Planas-2026-2028-m.pdf\">UAB &#8220;Kauno gatvi\u0173 ap\u0161vietimas&#8221; 2026-2028 m. korupcijos prevencijos veiksm\u0173 planas<\/a><\/span><\/h6>\t\t\t\t\t\t<\/div>\r\n\t\t\t\t<\/div>\r\n\t\t\t\t<\/div>\r\n\t\t\t\t\t<\/div>\r\n\t\t\t\t<\/div>\r\n\t\t\t\t\t\t\t<\/div>\r\n\t\t","protected":false},"excerpt":{"rendered":"<p>Korupcijos prevencija Korupcijos prevencija UAB\u00a0 \u201eKauno gatvi\u0173 ap\u0161vietimas\u201c, siekdama u\u017etikrinti savo veiklos skaidrum\u0105, vadovaujasi korupcijos prevencijos nuostatomis \u2013 siekiant u\u017ekirsti keli\u0105 korupcijos aprai\u0161koms \u012fmon\u0117s veikloje. Vykdant korupcijos prevencij\u0105 kvie\u010diame b\u016bti pilieti\u0161kais ir pra\u0161ome informacij\u0105 apie galimus pa\u017eeidimus ir galimai neteis\u0117tus bendrov\u0117s darbuotoj\u0173 veiksmus prane\u0161ti elektroniniu pa\u0161tu\u00a0pranesimai@kaunosviesa.lt\u00a0arba ra\u0161tu Ringuvos g. 59, 45243 Kaunas. I\u0161 anksto d\u0117kojame\u00a0 &hellip;<\/p>\n<p class=\"read-more\"> <a class=\"\" href=\"https:\/\/kaunogatviuapsvietimas.lt\/?page_id=1489\"> <span class=\"screen-reader-text\">Korupcijos prevencija<\/span> Read More \u00bb<\/a><\/p>\n","protected":false},"author":1,"featured_media":0,"parent":0,"menu_order":0,"comment_status":"closed","ping_status":"closed","template":"","meta":{"site-sidebar-layout":"no-sidebar","site-content-layout":"page-builder","ast-site-content-layout":"full-width-container","site-content-style":"default","site-sidebar-style":"default","ast-global-header-display":"","ast-banner-title-visibility":"","ast-main-header-display":"","ast-hfb-above-header-display":"","ast-hfb-below-header-display":"","ast-hfb-mobile-header-display":"","site-post-title":"disabled","ast-breadcrumbs-content":"","ast-featured-img":"disabled","footer-sml-layout":"","theme-transparent-header-meta":"","adv-header-id-meta":"","stick-header-meta":"","header-above-stick-meta":"","header-main-stick-meta":"","header-below-stick-meta":"","astra-migrate-meta-layouts":"set","ast-page-background-enabled":"default","ast-page-background-meta":{"desktop":{"background-color":"","background-image":"","background-repeat":"repeat","background-position":"center center","background-size":"auto","background-attachment":"scroll","background-type":"","background-media":"","overlay-type":"","overlay-color":"","overlay-gradient":""},"tablet":{"background-color":"","background-image":"","background-repeat":"repeat","background-position":"center center","background-size":"auto","background-attachment":"scroll","background-type":"","background-media":"","overlay-type":"","overlay-color":"","overlay-gradient":""},"mobile":{"background-color":"","background-image":"","background-repeat":"repeat","background-position":"center center","background-size":"auto","background-attachment":"scroll","background-type":"","background-media":"","overlay-type":"","overlay-color":"","overlay-gradient":""}},"ast-content-background-meta":{"desktop":{"background-color":"var(--ast-global-color-5)","background-image":"","background-repeat":"repeat","background-position":"center center","background-size":"auto","background-attachment":"scroll","background-type":"","background-media":"","overlay-type":"","overlay-color":"","overlay-gradient":""},"tablet":{"background-color":"var(--ast-global-color-5)","background-image":"","background-repeat":"repeat","background-position":"center center","background-size":"auto","background-attachment":"scroll","background-type":"","background-media":"","overlay-type":"","overlay-color":"","overlay-gradient":""},"mobile":{"background-color":"var(--ast-global-color-5)","background-image":"","background-repeat":"repeat","background-position":"center center","background-size":"auto","background-attachment":"scroll","background-type":"","background-media":"","overlay-type":"","overlay-color":"","overlay-gradient":""}},"footnotes":""},"class_list":["post-1489","page","type-page","status-publish","hentry"],"_links":{"self":[{"href":"https:\/\/kaunogatviuapsvietimas.lt\/index.php?rest_route=\/wp\/v2\/pages\/1489","targetHints":{"allow":["GET"]}}],"collection":[{"href":"https:\/\/kaunogatviuapsvietimas.lt\/index.php?rest_route=\/wp\/v2\/pages"}],"about":[{"href":"https:\/\/kaunogatviuapsvietimas.lt\/index.php?rest_route=\/wp\/v2\/types\/page"}],"author":[{"embeddable":true,"href":"https:\/\/kaunogatviuapsvietimas.lt\/index.php?rest_route=\/wp\/v2\/users\/1"}],"replies":[{"embeddable":true,"href":"https:\/\/kaunogatviuapsvietimas.lt\/index.php?rest_route=%2Fwp%2Fv2%2Fcomments&post=1489"}],"version-history":[{"count":43,"href":"https:\/\/kaunogatviuapsvietimas.lt\/index.php?rest_route=\/wp\/v2\/pages\/1489\/revisions"}],"predecessor-version":[{"id":2635,"href":"https:\/\/kaunogatviuapsvietimas.lt\/index.php?rest_route=\/wp\/v2\/pages\/1489\/revisions\/2635"}],"wp:attachment":[{"href":"https:\/\/kaunogatviuapsvietimas.lt\/index.php?rest_route=%2Fwp%2Fv2%2Fmedia&parent=1489"}],"curies":[{"name":"wp","href":"https:\/\/api.w.org\/{rel}","templated":true}]}}